 = -o**2 + 9*o - 5. Let u be d(8). Suppose 5*t - 61 = -3*a, u*a + t = a + 29. Let b = 108 - 72. What is the greatest common factor of b and a?
12
Let r(x) = -2*x**2 + 2*x + 5. Let t be r(-4). Let d = -25 - t. Let j be (3 - 2)*69 - -1. What is the highest common factor of d and j?
10
Let w = -1 - -2. Suppose 0 = 3*o + 2*t - 16, -o + 2 = 5*t + w. Calculate the highest common divisor of 3 and o.
3
Let z(g) = 54*g**2. Let s be z(-1). Let k = 45 + -84. Let m be k/(-6) - 1/2. Calculate the highest common divisor of m and s.
6
Let x be 28 + 1 + -5 + 0. Suppose -5*n + 48 = -2*n. Calculate the greatest common divisor of n and x.
8
Let w(m) = -m**2 - 3*m + 5. Let d be w(-4). Calculate the greatest common factor of 8 and d.
1
Suppose 3*a = 6*a - 9, -5*a = c - 28. Let s be c/(-1*(3 + -4)). What is the greatest common divisor of s and 65?
13
Suppose -3*l - 1 = -10. Suppose -3*o = -6*s + l*s - 510, 0 = -o + 4*s + 167. What is the highest common factor of 19 and o?
19
Suppose 0 = -5*k + 17 - 2. Let p(g) = 2*g**2 - 5*g + 3. Let z be p(k). What is the highest common divisor of z and 54?
6
Suppose 0 = -4*w + r + 3*r + 36, -w + 5*r - 11 = 0. What is the greatest common factor of w and 70?
14
Let a(l) = -3*l - 8. Let v = 1 + -9. Let f be a(v). What is the greatest common factor of f and 48?
16
Suppose -5*b - 469 = -5*v - 1704, 2*v + 252 = b. Let y be (-3)/(-1 - 38/(-44)). Calculate the greatest common divisor of y and b.
22
Suppose 0 = 5*g - 5, 4*g = s + g - 19. What is the greatest common divisor of 198 and s?
22
Let a be 266/6 + ((-21)/9 - -2). What is the highest common factor of a and 55?
11
Let y(k) = k**2 - 2*k - 7. Let l be y(5). Let a(b) = -b**3 + 19*b**2 - 17*b - 2. Let p be a(18). Calculate the highest common factor of p and l.
8
Let q = -115 - -286. What is the highest common factor of q and 19?
19
Let w be (-3)/(3*-1)*36. Suppose 3*h + 2 = -52. Let c be ((-2)/(-2))/((-2)/h). Calculate the highest common factor of w and c.
9
Let g = 88 - 8. What is the greatest common divisor of g and 32?
16
Let x = -3 - -19. Suppose 2*d + x = 6*d. Suppose d*r = -r + 300. Calculate the greatest common factor of 12 and r.
12
Let k(n) = -2*n - 5. Let v be k(-5). Suppose -4*x = -m + 6, 5*x + 3 = 4*m - v*m. Let w be 1/((-1)/(-38)) - m. What is the greatest common divisor of 4 and w?
4
Let v be 0/(1/((-3)/(-6))). Suppose v = 4*a - 49 - 47. Calculate the highest common divisor of 6 and a.
6
Let v be (0 - (-2)/(-5)) + 104/10. Let p be 496/10 - 2/(-5). Calculate the highest common factor of p and v.
10
Suppose 0*c - 228 = -4*w + 4*c, w - 4*c - 60 = 0. Calculate the highest common factor of 8 and w.
8
Suppose w + 2*w = 24. Suppose 8*g - 3 = 5*g. What is the highest common divisor of g and w?
1
Let l = -5 + 4. Let b be l/(-2)*-15*-2. Calculate the greatest common divisor of 15 and b.
15
Suppose -24 = 5*w - 4*y, -5*y + 9 = -4*w - 3. Let x be w/(-1) + 2/2. What is the greatest common divisor of 9 and x?
9
Suppose -6 = 3*n, n - 198 = -v + 40. Calculate the highest common factor of 30 and v.
30
Let w be (3/2)/((-3)/(-6)). Suppose r - 24 = 4*j, -5*j + 3*j = 6. Calculate the greatest common divisor of w and r.
3
Let s = -7 + 1. Let t(w) = w + 4. Let l be t(s). Let z be 44 + -1 + (0 - l). What is the greatest common factor of 18 and z?
9
Let b(r) = r + 18. Let h be b(6). Calculate the greatest common factor of 16 and h.
8
Suppose -4*w = -x - 237, w + 7*x - 4*x - 43 = 0. What is the highest common factor of w and 29?
29
Let m(d) = 3*d**2 + 5. Suppose 0 = 5*c + 1 + 24. Let r be m(c). What is the highest common factor of 10 and r?
10
Let t(v) = v**2 - 2*v - 3. Let p be t(4). Let s = 7 - p. Suppose -19 = -n + s*w, -5*w + 32 = 4*n - 2*w. What is the highest common divisor of n and 99?
11
Let c be ((-9)/18)/((-2)/168). Suppose 0*q + 36 = 5*q - 3*u, -2*u = 4*q - c. Calculate the highest common divisor of q and 72.
9
Let w = -3 - 0. Let x(u) = u**3 - 3*u**2 - 4*u - 1. Let n be x(5). Let f = n - w. Calculate the greatest common divisor of 4 and f.
4
Let o = -26 + 43. Let q be 2 - -14 - 2/(-2). Suppose -4*s + m = -73, 2*s + 3*m - q - 2 = 0. What is the highest common divisor of s and o?
17
Let l be -2 + 0 + 38 + -1 + 1. Calculate the greatest common divisor of l and 54.
18
Let l = 0 + 0. Suppose 2*p - 16 + l = 0. Calculate the highest common divisor of p and 40.
8
Let d = -12 + 54. Let w(b) = b + 28. Let r be w(0). What is the greatest common divisor of d and r?
14
Let w be (-45)/6*40/6. Let n be (-1 + w)*(-1)/1. Suppose -5*t - 36 = -8*t - 3*u, -4*t = 5*u - 43. What is the greatest common divisor of t and n?
17
Suppose 4*z - 819 + 104 = 5*j, -3*z = -5*j - 540. Suppose 4*g + g - z = 0. What is the greatest common divisor of 5 and g?
5
Let c be 33/(-9) + 4/6. Let y be c/(-2)*(-12)/(-9). Suppose -44 = -2*v - 0*v - 2*f, 4*f + 38 = y*v. What is the highest common divisor of 7 and v?
7
Suppose 4*y - 66 = -18. Suppose 0 = 5*w - 2*w - 66. Let k = 86 + w. Calculate the highest common factor of k and y.
12
Suppose 0 = 3*h - 15 - 75. Let q(a) = -21*a - 15. Let d be q(-1). What is the greatest common divisor of d and h?
6
Suppose u - r = -u + 9, 4*u - r - 19 = 0. Let k be 6/3 - (-1 - -1). Calculate the greatest common divisor of k and u.
1
Let w = 12 - 6. Let j(k) = -k**3 + 2*k**2 + k + 4. Let i be j(3). Let b = i + w. What is the greatest common factor of b and 16?
4
Let h(s) = s**2 + 14*s + 8. Let r be h(-14). Let c be (75/(-10))/((-6)/r). Calculate the greatest common divisor of c and 110.
10
Let r = -6 + 134. Suppose 4*c - 2*d - 125 - 15 = 0, 4*c - r = -d. Let u be (-4)/8 + (-7)/(-2). What is the greatest common divisor of c and u?
3
Let r = 137 - 49. Suppose -3*x = 3*f - 6*x - 36, -f + 3*x + 20 = 0. Calculate the highest common divisor of f and r.
8
Suppose -4*h + p + 0*p = -13, 0 = -p + 3. What is the highest common factor of 18 and h?
2
Suppose v = -5*g + 5*v + 256, 3*g = 4*v + 160. Let f(n) = 6*n + 5. Let o be f(-4). Let t = o - -27. Calculate the highest common divisor of t and g.
8
Let x(p) = p**3 - 200. Let s be x(0). Let o be s/(-30) + 4/(-6). Suppose l + 3*i = -0*i + 27, i = 5. Calculate the greatest common factor of l and o.
6
Let u(f) = 16*f - 10. Let x be u(5). What is the highest common divisor of x and 10?
10
Let j be 174 - 6/12*-2. Calculate the greatest common divisor of j and 35.
35
Let b(n) = n**2 + 4*n - 1. Let u be b(3). What is the greatest common divisor of 4 and u?
4
Let i(x) = -22*x + 26. Let v be i(-9). What is the greatest common divisor of 8 and v?
8
Let b = -4 + 12. Suppose 4*i - 4*o - 38 = -2*o, i - 4*o = -8. What is the greatest common factor of b and i?
4
Let w be (1470/20)/(1/2). Calculate the greatest common factor of w and 21.
21
Let y = 4 + 1. Suppose -2*n + y*x = 3*n, -4*n + 12 = -x. Suppose -35 - 9 = -q. What is the highest common factor of n and q?
4
Suppose -5*t - 13 + 173 = 0. Suppose a - 125 = -3*c, -a = 5*c - 137 + 14. What is the highest common factor of a and t?
32
Let t = 21 + -9. Let x = 327 - 166. Suppose -3*i + x = -19. What is the greatest common divisor of t and i?
12
Suppose 5*u + u = 924. What is the highest common factor of 14 and u?
14
Suppose v - 15 = -0*v. What is the highest common factor of 60 and v?
15
Let r(u) be the first derivative of -3*u**2/2 - 8*u + 1. Let j be r(-8). Calculate the greatest common factor of 2 and j.
2
Let w(t) = 2*t**2 + 2*t - 8. Let b be w(-5). What is the highest common factor of b and 16?
16
Let c(a) = -3*a - 32. Let d be c(-11). What is the highest common factor of d and 8?
1
Let b be (10/4)/(7/490). Calculate the greatest common divisor of b and 70.
35
Let i(n) = -n**3 + 2*n + 2. Let h be i(-2). Suppose 0 = -3*t - 3*b + h, 3*t + 0*t = 2*b + 16. What is the greatest common factor of 4 and t?
4
Let b(z) = z**2 + 3*z + 11. Let k be b(-12). What is the greatest common factor of 17 and k?
17
Let s = -15 + 34. Let y(a) = 6*a**2 - 4*a + 1. Suppose -4*q + 2*h + h = 23, -4*q + 5*h = 25. Let b be y(q). What is the highest common divisor of s and b?
19
Let d be (1 + 0 + 10)*(6 - 5). What is the greatest common divisor of d and 77?
11
Let r(f) = f - 15. Let w be r(0). Let s be -12*(w/6 - -2). Suppose 2*o = 2*i + 6, -2*o = -3*o + 3*i + 3. What is the highest common divisor of s and o?
3
Let z(f) = 20*f**2 - f - 5. Let b be z(